{"id":59,"date":"2022-04-01T13:49:24","date_gmt":"2022-04-01T11:49:24","guid":{"rendered":"https:\/\/as-grimper.fr\/?page_id=59"},"modified":"2022-05-11T14:43:18","modified_gmt":"2022-05-11T12:43:18","slug":"les-competitions","status":"publish","type":"page","link":"https:\/\/as-grimper.fr\/index.php\/les-competitions\/","title":{"rendered":"Les comp\u00e9titions"},"content":{"rendered":"\n<div class=\"wp-block-query is-layout-flow wp-block-query-is-layout-flow\"><ul class=\"card wp-block-post-template is-layout-flow wp-block-post-template-is-layout-flow\"><li class=\"wp-block-post post-459 post type-post status-publish format-standard hentry category-articles category-la-competition\">\n<h2 class=\"wp-block-post-title\"><a href=\"https:\/\/as-grimper.fr\/index.php\/2025\/01\/29\/coupe-des-minots-du-22-janvier-2025\/\" target=\"_self\" >Coupe des minots du 22 janvier 2025<\/a><\/h2>\n\n<figure style=\"height:200px;\" class=\"alignwide wp-block-post-featured-image\"><a href=\"https:\/\/as-grimper.fr\/index.php\/2025\/01\/29\/coupe-des-minots-du-22-janvier-2025\/\" target=\"_self\"  style=\"height:200px\"><img loading=\"lazy\" decoding=\"async\" width=\"1600\" height=\"1200\" src=\"https:\/\/as-grimper.fr\/wp-content\/uploads\/2025\/01\/WhatsApp-Image-2022-05-04-at-13.31.59.jpeg\" class=\"attachment-post-thumbnail size-post-thumbnail wp-post-image\" alt=\"Coupe des minots du 22 janvier 2025\" style=\"height:200px;object-fit:cover;\" srcset=\"https:\/\/as-grimper.fr\/wp-content\/uploads\/2025\/01\/WhatsApp-Image-2022-05-04-at-13.31.59.jpeg 1600w, https:\/\/as-grimper.fr\/wp-content\/uploads\/2025\/01\/WhatsApp-Image-2022-05-04-at-13.31.59-300x225.jpeg 300w, https:\/\/as-grimper.fr\/wp-content\/uploads\/2025\/01\/WhatsApp-Image-2022-05-04-at-13.31.59-1024x768.jpeg 1024w, https:\/\/as-grimper.fr\/wp-content\/uploads\/2025\/01\/WhatsApp-Image-2022-05-04-at-13.31.59-768x576.jpeg 768w, https:\/\/as-grimper.fr\/wp-content\/uploads\/2025\/01\/WhatsApp-Image-2022-05-04-at-13.31.59-1536x1152.jpeg 1536w\" sizes=\"auto, (max-width: 1600px) 100vw, 1600px\" \/><\/a><\/figure>\n\n<div class=\"wp-block-post-excerpt\"><p class=\"wp-block-post-excerpt__excerpt\">Ce 22 janvier 2025, l&rsquo;AS Grimper, en partenariat avec la salle Climb Up de la Valentine, a organis\u00e9 une \u00e9tape de la Coupe des Minots. Les enfants ont pu grimper sur une s\u00e9lection de 30 blocs de difficult\u00e9 croissante. L&rsquo;ambiance \u00e9tait au rendez-vous et ce ne sont pas moins de 125 participants qui se sont\u2026 <\/p><\/div>\n\n\n<hr class=\"wp-block-separator\"\/>\n\n\n<div class=\"wp-block-post-date\"><time datetime=\"2025-01-29T10:11:31+01:00\">29 janvier 2025<\/time><\/div>\n<\/li><li class=\"wp-block-post post-334 post type-post status-publish format-standard hentry category-la-competition\">\n<h2 class=\"wp-block-post-title\"><a href=\"https:\/\/as-grimper.fr\/index.php\/2023\/05\/17\/classement-final-du-tkp-2022-2023\/\" target=\"_self\" >Classement final du TK&rsquo;P 2022 &#8211; 2023<\/a><\/h2>\n\n\n\n<div class=\"wp-block-post-excerpt\"><p class=\"wp-block-post-excerpt__excerpt\">\u00e0 l&rsquo;issue de la neuvi\u00e8me \u00e9tape du TK&rsquo;P de cette saison 2022 &#8211; 2023, o\u00f9 nos petits bleus ont fi\u00e8rement port\u00e9 les couleurs de notre club, le classement g\u00e9n\u00e9ral fait la part belle \u00e0 nos jeunes comp\u00e9titeurs. Toutes nos f\u00e9licitations \u00e0 : Johana Simon et Ys\u00e9e Bornachot &nbsp;qui finissent respectivement 1\u00e8re et 2\u00e8me En U12\u2026 <\/p><\/div>\n\n\n<hr class=\"wp-block-separator\"\/>\n\n\n<div class=\"wp-block-post-date\"><time datetime=\"2023-05-17T15:03:27+02:00\">17 mai 2023<\/time><\/div>\n<\/li><li class=\"wp-block-post post-173 post type-post status-publish format-standard hentry category-la-competition category-non-classe\">\n<h2 class=\"wp-block-post-title\"><a href=\"https:\/\/as-grimper.fr\/index.php\/2022\/05\/10\/trophee-des-minots-du-04-mai-2022\/\" target=\"_self\" >Troph\u00e9e des Minots du 04 mai 2022<\/a><\/h2>\n\n<figure style=\"height:200px;\" class=\"alignwide wp-block-post-featured-image\"><a href=\"https:\/\/as-grimper.fr\/index.php\/2022\/05\/10\/trophee-des-minots-du-04-mai-2022\/\" target=\"_self\"  style=\"height:200px\"><img loading=\"lazy\" decoding=\"async\" width=\"1600\" height=\"1200\" src=\"https:\/\/as-grimper.fr\/wp-content\/uploads\/2022\/05\/WhatsApp-Image-2022-05-04-at-13.31.59.jpeg\" class=\"attachment-post-thumbnail size-post-thumbnail wp-post-image\" alt=\"Troph\u00e9e des Minots du 04 mai 2022\" style=\"height:200px;object-fit:cover;\" srcset=\"https:\/\/as-grimper.fr\/wp-content\/uploads\/2022\/05\/WhatsApp-Image-2022-05-04-at-13.31.59.jpeg 1600w, https:\/\/as-grimper.fr\/wp-content\/uploads\/2022\/05\/WhatsApp-Image-2022-05-04-at-13.31.59-300x225.jpeg 300w, https:\/\/as-grimper.fr\/wp-content\/uploads\/2022\/05\/WhatsApp-Image-2022-05-04-at-13.31.59-1024x768.jpeg 1024w, https:\/\/as-grimper.fr\/wp-content\/uploads\/2022\/05\/WhatsApp-Image-2022-05-04-at-13.31.59-768x576.jpeg 768w, https:\/\/as-grimper.fr\/wp-content\/uploads\/2022\/05\/WhatsApp-Image-2022-05-04-at-13.31.59-1536x1152.jpeg 1536w\" sizes=\"auto, (max-width: 1600px) 100vw, 1600px\" \/><\/a><\/figure>\n\n<div class=\"wp-block-post-excerpt\"><p class=\"wp-block-post-excerpt__excerpt\">Cette ann\u00e9e, l&rsquo;\u00e9tape organis\u00e9e par l&rsquo;AS Grimper du Troph\u00e9e des Minots, s&rsquo;est d\u00e9roul\u00e9e le 04 mai 2022 dans notre salle partenaire Climb Up la Valentine. Sur un parcours de 36 blocs sp\u00e9cialements choisis pour l&rsquo;\u00e9v\u00e8nement, les plus de 70 participants se sont disput\u00e9s les podiums des diff\u00e9rentes cat\u00e9gories, dans une ambiance chaleureuse et pleine d&rsquo;encouragements.\u2026 <\/p><\/div>\n\n\n<hr class=\"wp-block-separator\"\/>\n\n\n<div class=\"wp-block-post-date\"><time datetime=\"2022-05-10T17:27:47+02:00\">10 mai 2022<\/time><\/div>\n<\/li><\/ul><\/div>\n","protected":false},"excerpt":{"rendered":"","protected":false},"author":6,"featured_media":0,"parent":0,"menu_order":0,"comment_status":"closed","ping_status":"closed","template":"","meta":{"footnotes":""},"class_list":["post-59","page","type-page","status-publish","hentry"],"publishpress_future_action":{"enabled":false,"date":"2026-04-29 10:49:26","action":"change-status","newStatus":"draft","terms":[],"taxonomy":""},"_links":{"self":[{"href":"https:\/\/as-grimper.fr\/index.php\/wp-json\/wp\/v2\/pages\/59","targetHints":{"allow":["GET"]}}],"collection":[{"href":"https:\/\/as-grimper.fr\/index.php\/wp-json\/wp\/v2\/pages"}],"about":[{"href":"https:\/\/as-grimper.fr\/index.php\/wp-json\/wp\/v2\/types\/page"}],"author":[{"embeddable":true,"href":"https:\/\/as-grimper.fr\/index.php\/wp-json\/wp\/v2\/users\/6"}],"replies":[{"embeddable":true,"href":"https:\/\/as-grimper.fr\/index.php\/wp-json\/wp\/v2\/comments?post=59"}],"version-history":[{"count":5,"href":"https:\/\/as-grimper.fr\/index.php\/wp-json\/wp\/v2\/pages\/59\/revisions"}],"predecessor-version":[{"id":225,"href":"https:\/\/as-grimper.fr\/index.php\/wp-json\/wp\/v2\/pages\/59\/revisions\/225"}],"wp:attachment":[{"href":"https:\/\/as-grimper.fr\/index.php\/wp-json\/wp\/v2\/media?parent=59"}],"curies":[{"name":"wp","href":"https:\/\/api.w.org\/{rel}","templated":true}]}}